 the prime factors of o(r).
5, 47
Let f(m) = -m**3 - 2*m**2 + 2. Let d(w) = -w**3 + 2*w**2 - 2*w + 1. Let r be d(2). Let y be f(r). Let i = 25 - y. What are the prime factors of i?
2, 7
Let s(a) = a**2 + 1. Let q(v) = v**3 - 11*v + 3. Let h(c) = -q(c) + 2*s(c). List the prime factors of h(-3).
11
Let j be 804/(-66) + 2/11. Let p = j - -15. Suppose -2*r - 5*x + p = -8, 5*r - x = 14. List the prime factors of r.
3
Suppose 0 = -3*h - 2*h + 65. Suppose -11*z + h*z = 0. Suppose z = 5*j - 149 + 19. What are the prime factors of j?
2, 13
List the prime factors of 12100/((-50)/(-10)) - 4.
2, 151
Let v(f) be the third derivative of f**6/30 + f**4/12 + f**3 - 36*f**2. List the prime factors of v(3).
2, 3, 5
Let a = -26 - 6. Let z = 71 + a. What are the prime factors of z?
3, 13
Let p = 763 + -279. List the prime factors of p.
2, 11
Suppose o = -2*s - 445, 4*s + 897 = -0*o + 5*o. Let h = -49 - s. What are the prime factors of h?
2, 3, 29
Suppose -2*y - o + 32 = 0, -4*y = -0*y + 5*o - 76. Suppose 3*c - y + 2 = 0. Suppose 16 = c*d, -2*x + 2*d - 5*d + 54 = 0. What are the prime factors of x?
3, 7
List the prime factors of (-16235)/(-10) + -2 - (-6)/(-4).
2, 3, 5
Let t(f) = -377*f + 13. List the prime factors of t(-1).
2, 3, 5, 13
Suppose 6*d + 0*d = 0. Suppose 4*g = -b + 215, d = -3*g + 5*b - 1 + 168. List the prime factors of g.
2, 3
Suppose -2*u - r - 2*r + 171 = 0, -2*r = 3*u - 264. Suppose -2*o = -3*y + 11 + 30, -2*y - u = 4*o. What are the prime factors of 18/(-45) - o/5?
2
Let y = 8 + 9. Suppose -5*t - v + y + 64 = 0, -2*v - 42 = -2*t. What are the prime factors of t?
17
Let w(h) = 3*h**3 + 7*h**2 - 2*h. What are the prime factors of w(2)?
2, 3
Let v(w) be the second derivative of w**4/12 + w**3/2 + w**2/2 + w. Let y be v(-4). Suppose -3*q = y*a - 47, -a + q = 2*q - 9. List the prime factors of a.
2, 5
Let o be (7 - 9 - -2)/(2 + 0). Suppose -3*u - 2 = -5, o = b - 5*u - 91. What are the prime factors of b?
2, 3
Let w(y) = -y**3 + 26*y**2 - 32*y + 20. List the prime factors of w(23).
13, 67
Let u be 210/(-4)*8/(-6). Let m be (-3332)/136 + 1/2*-1. Let k = u + m. List the prime factors of k.
3, 5
What are the prime factors of (-921 + -2)/(6 - 7)?
13, 71
What are the prime factors of 16*10/40 - (-616)/2?
2, 3, 13
Let r be (7 + -8)/((-1)/(-2)). Let s(b) = -25*b + 4. List the prime factors of s(r).
2, 3
Let a = 1745 + -944. What are the prime factors of a?
3, 89
Let z = 695 + 65. What are the prime factors of z?
2, 5, 19
Suppose -11*c = -12 - 76. Suppose 151 = c*f - 249. What are the prime factors of f?
2, 5
Let a be 63/(-4)*(7 + -3). Let q = 91 + a. List the prime factors of q.
2, 7
Let t(x) = -x**3 - 4*x**2 + 4*x - 3. Let v be t(-5). Suppose 0*k = 3*k + 12, -4*k = -v*u + 132. List the prime factors of u.
2, 29
Suppose -5*l + 2*x - 5*x + 3814 = 0, 5*l + 4*x = 3817. List the prime factors of l.
761
What are the prime factors of 9*4 - (-21 - (-30 + 14))?
41
Let q(r) = -6*r**2 + 277*r + 51. List the prime factors of q(38).
1913
Suppose -4*f - 11 + 2039 = 0. List the prime factors of f.
3, 13
Suppose 4*c - 1 + 8 = -5*m, 4*c - 20 = 4*m. Suppose -c = 9*b - 20. List the prime factors of b.
2
Suppose 11*j - 2370 = -500. What are the prime factors of j?
2, 5, 17
What are the prime factors of ((-373)/(-2) - 0) + 79/158?
11, 17
Let l(w) = -w**2 + w + 8. Let k be l(3). Let g be (32/80)/(k/200). What are the prime factors of ((-33)/2)/((-12)/g)?
5, 11
Let w(m) = 17 + 1 - 8 - 2 - 17*m. List the prime factors of w(-5).
3, 31
List the prime factors of (-7664)/(-3) - (13 + 170/(-15)).
3, 23, 37
Let z(m) = m**3 + 8*m**2 - m - 9. Let c be z(-8). What are the prime factors of c/(1/1)*-2?
2
Let r = 21 + -22. Let k be -106 + r + -2 + 1. List the prime factors of 5*(k/(-15) + -4).
2
Suppose 5*o - 3*y = 19015, 2*o = o + 5*y + 3825. List the prime factors of o.
2, 5, 19
List the prime factors of ((-33978)/126)/((-3)/27).
3, 809
Suppose -5*y = -0*d + 5*d + 5, y - 19 = 4*d. Suppose -4*n + 4*r = -356, y*n + 5*r = 7*n - 355. What are the prime factors of n?
2, 3, 5
Let k(d) = -13*d - 3 - 6*d + 21*d. Let f = -3 - -9. What are the prime factors of k(f)?
3
Suppose -2*o + 2*q + 2 = -54, 0 = 2*o - 3*q - 61. List the prime factors of o.
23
Suppose 2*q + 106 = -4*b, -6*q + 2*b - 182 = -2*q. Suppose i = -0*i - 3*a - 17, 0 = -3*i - a - 11. What are the prime factors of (q - i)/(-3) + -3?
2, 3
Suppose -6*y - 1884 = -9066. What are the prime factors of y?
3, 7, 19
Suppose 5394 = 4*x - 2086. What are the prime factors of x?
2, 5, 11, 17
Let b(p) = -2*p**2 + 12*p + 2. Let a be b(6). What are the prime factors of a/(-5) - 3546/(-90)?
3, 13
Suppose 4*b - 15*b = -1903. Let q = b - 95. List the prime factors of q.
2, 3, 13
Suppose 6 - 126 = -5*r. Suppose 40 = -5*u + 3*g, -3*u = -2*g - 3*g + r. List the prime factors of u*(-7)/((-14)/(-3)).
2, 3
Suppose -1385 = -5*s - 2*m + 7*m, -816 = -3*s - 2*m. What are the prime factors of s?
2, 137
Let o(i) = -6*i + 3*i**2 - 9 - 18*i**3 + 0*i**2 - 6*i**2. List the prime factors of o(-2).
3, 5
Suppose -10*d = -8*d - 26. Suppose -j + d = -16. List the prime factors of j.
29
Suppose -149 = -d + 558. What are the prime factors of d?
7, 101
Let v = 773 - 390. Let q = -215 + v. What are the prime factors of q?
2, 3, 7
Let j(y) = y + 2. Let s be j(1). Suppose 2*u - 2*h = -s*u + 116, 0 = 4*u - 3*h - 97. Suppose -5*g + 8 = -u. What are the prime factors of g?
2, 3
Suppose 280 = 3*l - 2*c - 157, 16 = -4*c. What are the prime factors of l?
11, 13
Let j(h) = 79*h**2 + 2*h - 3. Suppose 5*f + 3 = 3*l - 5*l, -3*f = -l - 7. What are the prime factors of j(f)?
2, 3, 13
Let f(u) = u**3 - 6*u**2 + 6*u - 2. Let n be f(4). List the prime factors of 1*245 + 50/n.
2, 3, 5
Suppose 4*p = -2*m - 20, -5*m - 75 = p + 4*p. Let z = -29 - m. What are the prime factors of (z/2)/((-3)/6)?
3
Let c(s) = s**3 + 14*s**2 - 22*s - 44. What are the prime factors of c(-14)?
2, 3, 11
Let y be -2 - (-4 - -22) - 0. Let d = y + 57. List the prime factors of d.
37
List the prime factors of (-7 + (-333)/(-36))/((-2)/(-376)).
3, 47
Let p(i) = 78*i - 49. Let z = -103 + 107. What are the prime factors of p(z)?
263
Let q = 32 + -86. Let k = -121 - q. Let c = k - -117. List the prime factors of c.
2, 5
Let g = 69 + 190. Let x = -141 + g. List the prime factors of x.
2, 59
Let s(i) = -6*i**2 - 30*i - 46. Let b(k) = k**2 - 1. Let u(j) = 5*b(j) + s(j). What are the prime factors of u(-23)?
2, 5, 11
Let u(k) = 2*k - 4. Let o be u(8). Let q(r) = r**3 - 12*r**2 + 7*r - 18. List the prime factors of q(o).
2, 3, 11
Let p = -698 + 1148. What are the prime factors of p?
2, 3, 5
Let o(c) be the second derivative of c**5/60 - c**4/12 + c**3 + c**2/2 + 5*c. Let y(j) be the first derivative of o(j). What are the prime factors of y(5)?
3, 7
Let k = 460 + -159. What are the prime factors of k/28 - 3/4?
2, 5
Suppose 0 = -0*k + 2*k + h - 1105, 0 = -5*h + 15. List the prime factors of k.
19, 29
Suppose u = 3*g + 13, 2*g - u = -6*u + 14. List the prime factors of g/(3/(-100) + 0).
2, 5
Suppose -6 = -u + 5. Suppose -3*q = -5*s - u, -q + 6*q = -5*s + 5. Suppose -5*a - j + 47 = -q, 0 = -5*a - 5*j + 65. List the prime factors of a.
3
Suppose 2*d + 330 - 3419 = o, 0 = -d + 3*o + 1542. What are the prime factors of d?
3, 5, 103
Let o(p) = -p - 1. Let z(m) = 9*m + 23. Let v(u) = -2*o(u) + z(u). What are the prime factors of v(21)?
2
Suppose 3*m - 1198 = 3308. List the prime factors of m.
2, 751
Suppose 7*n = 2*n + 160. Suppose -n = -h + 9. Let i = 1 + h. What are the prime factors of i?
2, 3, 7
Suppose -13*l + 852 + 15528 = 0. Suppose l = -22*q + 27*q. List the prime factors of q.
2, 3, 7
Suppose -3*y = 5*b + 1 + 33, 1 = b - 2*y. Let j be (-1 - (b + 4))/2. Suppose -4*d + 13 = -3*a + 137, -a - 3*d + 37 = j. What are the prime factors of a?
2, 5
Let x be 19 + 2 + -1 + 1. Suppose -19*g - 100 = -x*g. What are the prime factors of g?
2, 5
Let s(x) = -132*x - 4. Let w(l) = 88*l + 3. Let d(o) = 5*s(o) + 8*w(o). What are the prime factors of d(2)?
2, 23
Let t be (0*3/(-6))/2. Let j(z) = z + 5. Let w be j(t). Suppose w*d = 20 - 5. What are the prime factors of d?
3
Suppose 0 = 4*q - 3288 - 5804. List the prime factors of q.
2273
Let v(b) = b**2 - 6*b + 6. Let o(k) = -k**2 - 14*k + 6. Let a be o(-14). List the prime factors of v(a).
2, 3
Let t(f) 